Evaluate -3 - (-15 - -1) - ((-35 - -20) + 5).
21
What is (-5 - 8) + (-27 - -44) - (1 + 6)?
-3
What is the value of -15 + 7 + 2 - -15?
9
0 - 18 - (-168 + 162)
-12
What is 6 - (1 + (-8 - -11))?
2
What is the value of -11 - (2 + 4 - -3 - 16)?
-4
-5 + (17 + -4 - 7)
1
(4 - 4) + -2 + (-2 + 8 - -15)
19
What is (2 - -1) + (14 - 7) + -10?
0
Evaluate -28 - -33 - (-4 + -7).
16
What is the value of 0 - 9 - ((-7 - -18) + -23)?
3
Calculate -8 + (-1 - (-1 + 4)) + 4 + -5.
-13
What is the value of -5 + -8 - (-6 + -17 + 14)?
-4
What is 1 + (-3 - ((-7 - -17 - 5) + -5))?
-2
What is the value of 11 + (-14 - (10 + -25))?
12
(8 - -1 - 14) + 9
4
Calculate 1 + (-1 - (11 - 6 - 4)) + 5.
4
-10 - (7 - 18 - 4)
5
Calculate 5 - (-15 - -19) - (5 + -3 + 2).
-3
What is 3 + -9 + 22 + (4 - 4 - 9)?
7
What is -10 - ((-7 - -18 - 6) + -8)?
-7
Evaluate 0 - -11 - (33 - (1 - 4) - 6).
-19
What is the value of 8 + -12 + -5 + 0?
-9
What is 10 - (4 + 0 - -9)?
-3
What is the value of 1 - (-11 - (-1 + -5)) - (8 + -2)?
0
Evaluate 33 + -12 + 13 + -35.
-1
Evaluate 14 + 2 + -1 + (75 - 86).
4
What is the value of -42 + (11 - 32) + 37?
-26
What is -5 - (0 + 18 + (7 - 10 - 1))?
-19
Calculate -5 - (8 - 6 - 17).
10
What is the value of 31 - (22 + (-1 - 11))?
21
0 + 2 - 6 - (-35 - (-44 + 7))
-6
What is -13 + 23 + -20 + 12?
2
Calculate 17 + (-3 - (-8 - -50)).
-28
Calculate (-27 - (-67 - -29)) + (17 - 2).
26
What is 26 + (-10 - 7) + 0 + -3?
6
-15 + 53 + (-36 - -12)
14
Evaluate 10 + 1 - (-2 - (-4 + 12 + -12)).
9
Calculate 177 + -194 + (0 + 6 - -1).
-10
(6 - (5 - 4 - 1)) + 2 + 23
31
What is the value of -3 - (15 - 8) - 20 - -6?
-24
0 + 4 + -6 + -1 + -58 + 73
12
What is the value of 2 - (10 - (-5 + 12))?
-1
Evaluate -3 - ((2 - -4) + 5 + -3).
-11
-1 - 1 - (21 - (5 + 7 + 6))
-5
Evaluate -13 - (7 + 1 + -18).
-3
Calculate 2 - (-2 + 4 + -7 + -4).
11
Evaluate -4 + (1 - (3 + 1 + -4 - -6)).
-9
What is the value of 0 + (3 - 2) - 4 - -1 - -7?
5
3 + 10 + (-14 - (-8 - 2))
9
What is the value of 4 + (4 - -1) - (-2 - 0 - 3)?
14
Evaluate (45 - 19) + (-1 - 10).
15
What is (49 - 47) + -3 + -4 + 17?
12
(6 - 3) + (2 - 3) - (-19 - -26)
-5
What is 12 + (-24 - (0 + (-4 - -16)))?
-24
32 + -58 - (9 - 22)
-13
Evaluate (10 - 18) + -8 + -10 - -3.
-23
2 + 20 + (-3 - 4) + -4
11
Calculate -1 + (2 - (3 + 0)) + (222 - 219).
1
Calculate -17 - (5 + (5 - (-1 + 12))).
-16
What is the value of -4 + -4 + -13 + 12 + -14?
-23
-9 - (29 + -37 - (-4 + 1))
-4
Evaluate -33 + (70 - (-28 - -38)).
27
What is the value of -30 + (12 - (10 - 16))?
-12
Calculate 58 + (-1 - -37) + -80.
14
4 + 1 - (246 - 234)
-7
Evaluate -17 + 2 - (-7 + -11 + 11).
-8
Evaluate (11 - (8 + 2)) + 10 - 1.
10
Calculate -22 - (-32 + -20 + 32).
-2
What is the value of 2 + -6 + -3 - 6?
-13
Evaluate 15 - ((-23 - 20) + 32).
26
Evaluate (-63 + 17 - -28) + 5 + 2.
-11
What is 11 - (-13 - -11) - 8?
5
What is (-1291 - -1298) + 1 + -16 + -1?
-9
Evaluate (7 - 14) + 2 - -9.
4
Evaluate -7 + (7 - 2) + (-41 + 11 - -11).
-21
30 + 27 + -44 + -2 + 1 + 1
13
Evaluate (-7 + 25 - 13) + 10.
15
Evaluate 4 + -4 + 4 + -66 + 60.
-2
What is the value of 1 + (-42 - -57) + (0 - -12)?
28
What is 1 - -7 - (-15 + 3 + (4 - -2))?
14
What is 2 - ((-8 - (2 + -1)) + 19)?
-8
Calculate -11 + (-16 - (-29 - 5)).
7
What is the value of -13 + (1 + (-7 - -1) + -6 - -7)?
-17
Evaluate -11 + -7 + 6 + 1 + 0.
-11
What is -21 + 12 + 0 + 5 + -15?
-19
15 + -2 + 21 - 13
21
Calculate (-17 - -31 - 21) + -1.
-8
What is 8 - -2 - (31 + -30)?
9
Evaluate 8 - 32 - (0 + (-8 - 2)).
-14
-1 - 8 - (-13 + 6 - (0 + -8))
-10
What is 9 + 3 + (-1 + (1 - 6) - -7)?
13
What is the value of (23 - 16) + -3 + -7?
-3
What is the value of -2 - -1 - -1 - (29 - (-18 + 60))?
13
(-1 - 2) + -1 + 4 + 11 + -12
-1
Calculate -27 + (-8 - (-1 + (4 + -10 - -1))).
-29
What is the value of -16 + 12 + 8 + -5?
-1
(-7 - (-1 + -6 + 5)) + -3
-8
What is 7 + -4 + 10 - (1 + 7)?
5
19 - ((-1 - 1) + (-11 - -19))
13
What is the value of 1055 - 1085 - (-64 + -1)?
35
Evaluate -32 - ((13 - 31) + -40).
26
Calculate 16 - (3 + 5 + (-4 + 5 - 5)).
12
What is -2 + -21 + 42 + -42?
-23
What is (9 + -14 - -7) + 0 + -2 + 8?
8
What is 9 - -2 - (-198 - -220)?
-11
What is the value of 32 + -19 + 38 + -72?
-21
What is -21 + 20 + -28 + 31?
2
1 + (0 + 6 - 14) + 12
5
Evaluate -13 - (12 + (-7 - 18)).
0
Calculate (23 - 16) + 0 + -5 + 1 - -10.
13
Calculate 0 + -14 + (-208 - -248).
26
-17 - -18 - (0 + -15)
16
Evaluate 1 + 10 + -42 + 37.
6
Evaluate 95 + -121 - (0 - 30).
4
Evaluate 12 + (-7 - (1 - (5 - 4))).
5
What is the value of 9 - (4 - (-15 + 8) - -8)?
-10
What is the value of 4 + (-1 - (6 - (1 + 6 + -5)))?
-1
What is (-9 - (-3 - 2 - (8 + -2))) + -14?
-12
2 - ((21 + -22 - -8) + 0 + 8)
-13
What is 28 + (17 - (22 + (14 - 22)))?
31
Evaluate -19 + (-1 - 0 - (2 - (3 + 5))).
-14
Calculate -40 + 5 + 19 - 7.
-23
-25 + 32 + (0 - 13)
-6
Evaluate 2 - 0 - (11 + 14) - (-5 + -1).
-17
What is the value of 13 + -1 - (11 + -4 + 24 + -34)?
15
Calculate 19 - 9 - (-1 + 10 + (73 - 90)).
18
What is the value of -5 - (8 + 2 + 0)?
-15
What is -2 + 15 - (3 + -2)?
12
Calculate -1 + 2 + -13 + 14.
2
Evaluate -60 + 37 - ((0 - -2) + -12).
-13
What is -12 + -6 + 31 + -6?
7
What is the value of (12 - (18 + 3)) + (7 - -1)?
-1
-4 + -4 + -1 + 2 + 4 + 11
8
What is the value of (10 - (-27 - -18)) + -10 - 37?
-28
Calculate 13 + -12 + -8 + 7.
0
Evaluate 8 - -3 - 2 - (-5 + 9).
5
Calculate -8 + 21 + -44 - -41.
10
Evaluate -22 - -19 - -13 - -4.
14
What is the value of (24 - (-16 + 13)) + -13?
14
Calculate (-22 - (-4 - -1)) + 2 - -12.
-5
Evaluate 3 - ((29 - 37) + (4 - 3)).
10
What is the value of (-17 + 15 - 2) + 31?
27
0 + 1 - 0 - 12 - (-367 - -372)
-16
Evaluate (-11 - 0 - (15 + -15)) + 6 + -21.
-26
Calculate 22 + (-4 - (-35 + 16)) + -3.
34
63 + -37 - (7 + 1 + 0)
18
Calculate (11 + (34 - 12) - 5) + -12.
16
What is 16 - 0 - (-27 - (9 + -39))?
13
What is (-7 - -13) + -14 - -4?
-4
Calculate 18 + (7 - (-1 + 14)).
12
What is the value of (15 - -10 - -5) + -40?
-10
What is the value of 8 - (0 + 7 + (-9 - -1) - 1)?
10
What is the value of 68 + -69 + (1 - 2) + 1 + -2?
-3
What is the value of -10 - (-13 + 3) - (0 - -7)?
-7
What is the value of (21 - 1 - 17) + (-3 - 0 - 1)?
-1
Calculate -24 - (22 - (-6 + 15) - 21).
-16
Evaluate 8 - -11 - (19 - -8 - 11).
3
-13 - (3 - 7) - (2 + -1)
-10
Evaluate -12 + -3 + (-19 - -10) + 3.
-21
What is the value of (10 - 2 - 0) + -124 + 125?
9
Evaluate (-8 - 2 - (0 + -7) - 2) + -5.
-10
Calculate -13 - (0 + -2) - (-159 + 164).
-16
Calculate -2145 + 2142 + (6 - 0).
3
Evaluate 15 - (-9 + 24 + (6 - 2)).
-4
What is the value of -5 + 16 + (-29 - (-4 + -9))?
-5
Calculate 7 - (7 + 9) - -5.
-4
(-9 - 0) + (-537 - -557)
11
What is -4 - (-2 - ((-7 - -5) + -5))?
-9
24 - ((26 - 27) + 11)
14
-8 - -6 - (-1 - 5)
4
Evaluate 3 + 2 + (7 - -2 - 9) + -14.
-9
What is -3 + -4 - (-4 + 5 + -13 + -1)?
6
Calculate -1 - (-22 + 0 + 0 + (-213 - -216)).
18
Calculate -9 + -4 + 14 - (1 + 8).
-8
What is the value of -8 + 16 + 1 - (-5 + -1)?
15
Evaluate 11 - (67 + -69 - (-3 + -4 + 8)).
14
Calculate -3 - -1 - (-11 + 2 + 3 + 12).
-8
What is the value of (-4 - 0) + (0 - 13) + 18?
1
What is (8 - 4) + (0 - (2 - 2)) + -17?
-13
Evaluate 0 + (-1 + -2 - -3).
0
What is the value of (3 + -3 - 6) + 1 + (-36 - -15)?
-26
Calculate -3 + -1 - (-11 + -10 + 2 - -10).
5
6 + -7 + 2 + -5
-4
Evaluate -15 + (53 - 9) - 18.
11
-4 + 9 + -19 + (-6 - -4)
-16
What is the value of 6 - ((-1 + 8 - (24 + -14)) + 3)?
6
What is 37 + 8 + -32 + -35?
-22
-25 + (-33 - -26) + 31
-1
-4 - ((-12 - 8) + 6 - -4) - 13
-7
What is the value of -15 - (-1 - 4 - (3 + 4 + -16))?
-19
What is the value of -6 - ((10 - 6) + (-5 - 0) + -6)?
1
7 - -11 - (-9 - -26 - 20)
21
What is (-1 - (-34 + 4)) + -10?
19
(1 - 1) + 17 + -158 + 149
8
What is the value of 1 - -9 - (54 - (-33 - -55))?
-22
What is 10 + -30 + 32 - ((-1 - 0) + -2)?
15
What is the value of 53 + -24 + -23 - (-1 + -14)?
21
What is the value of (-6 - -2) + 5 - (-2 - (1 + 4))?
8
What is the value of 4 + -19 - (-7 - (37 + 3))?
32
What is (1 + 4 + 14 - 3) + (1 - 8)?
9
What is 30 + 3 + -41 - 16?
-24
What is -9 + -3 - -24 - (3 + -16)?
25
Calculate -1 + -11 + 7 + 22 + -29.
-12
What is the value of 121 + -127 + -25 + 0 + -1?
-32
Evaluate -8 + -12 + 10 + 5 + -1.
-6
What is the value of 4 + -2 - (11 - (-9 - -7))?
-11
Calculate -9 - -2 - (1 - -2 - 0).
-10
Calculate 22 +